what is 21 - 5?
19
In base 11, what is 3 + 364?
367
In base 3, what is 2 - -20122022?
20122101
In base 8, what is -2 - -146?
144
In base 5, what is -31 + -1?
-32
In base 10, what is -3 - -4?
1
In base 7, what is 0 + -4?
-4
In base 8, what is 0 - 2456?
-2456
In base 12, what is -4 + -431?
-435
In base 2, what is 10001010 - -1010?
10010100
In base 7, what is 4 + -2536?
-2532
In base 8, what is -13 - 4?
-17
In base 2, what is -1 - 1001011?
-1001100
In base 8, what is -42 - -3?
-37
In base 5, what is 1044 + -10?
1034
In base 7, what is 2 - -124?
126
In base 8, what is -1607 - 2?
-1611
In base 15, what is -7 - b88?
-b90
In base 10, what is 1900 - -4?
1904
In base 2, what is 10 + -1010110111?
-1010110101
In base 7, what is 62014 + -4?
62010
In base 16, what is -35b + -12?
-36d
In base 14, what is 7 + 20?
27
In base 11, what is -202 + 2?
-200
In base 16, what is 5 - 12c?
-127
In base 13, what is -4 + 2a?
26
In base 10, what is -2 + 226?
224
In base 5, what is -2 - 3031?
-3033
In base 2, what is 101 - 1010011010?
-1010010101
In base 10, what is 6 + -49?
-43
In base 6, what is 543 - 5?
534
In base 16, what is -5 + -56d?
-572
In base 6, what is 1421 - -4?
1425
In base 5, what is 12 - 12101?
-12034
In base 8, what is 424 + -5?
417
In base 16, what is 2 + 6?
8
In base 4, what is 112213 - 0?
112213
In base 10, what is 3 - -214?
217
In base 14, what is -3 + -331?
-334
In base 15, what is -2 + b4?
b2
In base 8, what is -24 - 22?
-46
In base 5, what is 433 + -42?
341
In base 4, what is -3322 + 111?
-3211
In base 12, what is 4 + -3674?
-3670
In base 4, what is 1012 + 131?
1203
In base 7, what is 213 + 5?
221
In base 11, what is -3729 - -1?
-3728
In base 12, what is -742 - -5?
-739
In base 6, what is -150 + -244?
-434
In base 4, what is 2 - 3110?
-3102
In base 9, what is 48 + 125?
174
In base 10, what is 10 + -23?
-13
In base 8, what is 21 - 5?
14
In base 12, what is 3 - -6a?
71
In base 4, what is -32312 + -30?
-33002
In base 16, what is 5 + -5?
0
In base 11, what is -2 - 1312?
-1314
In base 10, what is 5 + 36?
41
In base 3, what is 220202 - -10?
220212
In base 8, what is 1113 + 5?
1120
In base 16, what is 19bc + -2?
19ba
In base 3, what is 2 + -10212?
-10210
In base 5, what is 10 + -23?
-13
In base 3, what is -11011 + -1?
-11012
In base 12, what is -3 + 1b?
18
In base 3, what is -2212020 - -1?
-2212012
In base 10, what is -109 - -1?
-108
In base 6, what is 0 - 3243?
-3243
In base 3, what is -22120 - -1012?
-21101
In base 13, what is -1 - -2b3?
2b2
In base 12, what is -3985 - -1?
-3984
In base 15, what is -11c + 5?
-117
In base 3, what is 21122010 + -2?
21122001
In base 16, what is -1a32 + -5?
-1a37
In base 7, what is 54 + 44?
131
In base 5, what is 12 - 4?
3
In base 2, what is -1010 + 101?
-101
In base 8, what is -147 + 37?
-110
In base 12, what is -4 - -837?
833
In base 16, what is -10bb - 5?
-10c0
In base 6, what is -113 + 452?
335
In base 11, what is a5 - -2?
a7
In base 6, what is 4 + -100?
-52
In base 5, what is -32 - -120?
33
In base 9, what is -44 - -5?
-38
In base 14, what is 1d7 + -2?
1d5
In base 5, what is 130 - 2?
123
In base 11, what is 0 - -167?
167
In base 4, what is 22321 - 1?
22320
In base 9, what is 7 + -7?
0
In base 16, what is -3 + 8d?
8a
In base 15, what is -14 + -e?
-23
In base 12, what is -103 + -4?
-107
In base 2, what is 1000110110 + 110101?
1001101011
In base 15, what is -9 - 25?
-2e
In base 13, what is -3 - -13?
10
In base 14, what is 3 - -395?
398
In base 9, what is -64 - 10?
-74
In base 5, what is 10 - 420?
-410
In base 13, what is -b + 42?
34
In base 3, what is 22 + 100?
122
In base 11, what is -1 + -15?
-16
In base 5, what is -2041 + 2?
-2034
In base 11, what is -652 + -7?
-659
In base 16, what is 4 - b6?
-b2
In base 3, what is -122000021 - -1?
-122000020
In base 12, what is 6 - 34?
-2a
In base 2, what is -1101 + 100001?
10100
In base 13, what is 1a + b?
28
In base 16, what is -13d + -4?
-141
In base 7, what is -5 - -624?
616
In base 12, what is 1 - -653?
654
In base 11, what is -1302 - -2?
-1300
In base 2, what is 10111101 - -10?
10111111
In base 11, what is 7149 + -5?
7144
In base 4, what is -10 + -1002?
-1012
In base 10, what is 3 + -70?
-67
In base 14, what is 12 - -5?
17
In base 3, what is -1 - -2210?
2202
In base 10, what is -2 + 21?
19
In base 12, what is -26 + -5?
-2b
In base 5, what is -2 - -424?
422
In base 3, what is -21002 + 2?
-21000
In base 12, what is 44 + 37?
7b
In base 8, what is 665 + 3?
670
In base 15, what is 2 - c6?
-c4
In base 16, what is -1 - 950?
-951
In base 4, what is 21 + -2213?
-2132
In base 9, what is -6 + 4036?
4030
In base 5, what is 1022 - -1?
1023
In base 10, what is 176 - 2?
174
In base 14, what is 334 + 3?
337
In base 2, what is 1011111000 - -10?
1011111010
In base 4, what is 11 - 33?
-22
In base 14, what is 12c1 - -4?
12c5
In base 5, what is 121 - 121?
0
In base 14, what is 94 - -25?
b9
In base 6, what is 553 + -5?
544
In base 12, what is -12 + -19?
-2b
In base 5, what is -1 + 11?
10
In base 6, what is -5 + -45?
-54
In base 7, what is -1126 - -4?
-1122
In base 15, what is -76 + -3?
-79
In base 16, what is 61 + 3?
64
In base 6, what is -5 + 302?
253
In base 6, what is -21 - -1130?
1105
In base 4, what is -100103 + -20?
-100123
In base 14, what is 1d - -149?
168
In base 7, what is -14 + 116?
102
In base 4, what is -1 + 22111?
22110
In base 5, what is -221142 - 0?
-221142
In base 3, what is -12 - -10220?
10201
In base 13, what is -5 + 34?
2c
In base 10, what is 25 - -166?
191
In base 8, what is 160 + -11?
147
In base 7, what is -4 - -101?
64
In base 15, what is -3 - -34?
31
In base 7, what is 25 + 0?
25
In base 13, what is -7b - 2?
-80
In base 11, what is -725 + -5?
-72a
In base 8, what is -4 + 340?
334
In base 14, what is 26 - 5?
21
In base 7, what is 1 + -123?
-122
In base 7, what is -16 - 51?
-100
In base 16, what is 11 + -15d?
-14c
In base 11, what is 26 - 41?
-16
In base 2, what is -10010 - -1001?
-1001
In base 3, what is 11 - -211121?
211202
In base 4, what is -10 + -12202?
-12212
In base 5, what is 1 + 12421?
12422
In base 16, what is 294 + -6?
28e
In base 6, what is 4 - 1505?
-1501
In base 4, what is 32322 - 10?
32312
In base 16, what is 126 + -3?
123
In base 9, what is 2811 + -2?
2808
In base 15, what is -1607 - -1?
-1606
In base 8, what is 574 - -3?
577
In base 8, what is 27 - 1145?
-1116
In base 8, what is 1767 + -4?
1763
In base 10, what is 7 + -30?
-23
In base 2, what is -100110111 - 110?
-100111101
In base 2, what is 10101 + -10110?
-1
In base 2, what is -101 + -1010100100?
-1010101001
In base 3, what is -101012101 - -12?
-101012012
In base 14, what is -24 - 2?
-26
In base 10, what is -21 + -12?
-33
In base 7, what is 5 + 1055?
1063
In base 6, what is -101 - -1?
-100
In base 2, what is 111010001 - -1000?
111011001
In base 7, what is 5 - 46?
-41
In base 10, what is 2 + 1?
3
In base 5, what is -40 - 0?
-40
In base 4, what is 1302 - 0?
1302
In base 5, what is 110 - -21?
131
In base 5, what is 103 + -1422?
-1314
In base 14, what is 25b - 0?
25b
In base 3, what is 2 - 20120220?
-20120211
In base 5, what is 2 - 14143?
-14141
In base 3, what is -1 - -12000210?
12000202
In base 12, what is -3 + 0?
-3
In base 12, what is -8 + -b2?
-ba
In base 14, what is 6 - -4b?
53
In base 5, what is -103 - -4?
-44
In base 3, what is 212 - -220?
1202
In base 5, what is -12 + -310?
-322
In base 11, what is 3 - -2180?
2183
In base 3, what is 21 + 2?
100
In base 13, what is -22 + 36?
14
In base 16, what is -4 + -9b?
-9f
In base 13, what is 128 + -8?
120
In base 8, what is 6 + -143?
-135
In base 11, what is -4 - 3?
-7
In base 9, what is -10170 + 0?
-10170
In base 4, what is 0 - -3332?
3332
In base 15, what is -31 + 48?
17
In base 13, what is 29b - -2?
2a0
In base 8, what is 265 - -4?
271
In base 3, what is -102020 - 20?
-102110
In base 15, what is -25 + 36?
11
In base 7, what is 0 + 402?
402
In base 9, what is 561 + -7?
553
In base 13, what is -1b58 + 0?
-1b58
In base 11, what is -3 + -57?
-5a
In base 16, what is -a7 - -9?
-9e
In base 10, what is 10 + 79?
89
In base 10, what is -4703 + 5?
-4698
In base 15, what is 8 + -3?
5
In base 11, what is 16 + 24?
3a
In base 13, what is -5 + 56?
51
In base 7, what is 3 + 144?
150
In base 6, what is 4 + -45334?
-45330
In base 10, what is 338 - -2?
340
In base 9, what is 4